t n be v(2). Calculate the greatest common divisor of 6765 and n.
165
Let q(d) = 3*d**3 - 2*d**2 + 9*d - 7. Let a be q(1). Suppose 30 = r + 5*i, -4*r + a*r + i = -6. Calculate the highest common divisor of 430 and r.
10
Let q(h) = -7*h - 45. Let k be q(-9). Suppose -3*p - 3*o = -k, 3*p - 24 = 9*o - 14*o. Calculate the greatest common factor of p and 81.
3
Suppose 5*m = -3*g + 17810, -3*m - 4*g + 16994 = 6308. Calculate the greatest common divisor of 182 and m.
26
Let w(m) = m**2 + 103*m - 1368. Let n be w(12). Suppose -9*b - 240 = -13*b. Calculate the greatest common factor of b and n.
12
Suppose 2*m - 1874 = -j, 5*m = 5*j + 2631 - 12106. Calculate the greatest common factor of 288 and j.
32
Let a(m) = -m**2 + 21*m + 4. Let p be a(21). Let t be 308/2*(1 + -4 + p). Suppose 0 = -22*l + 15*l + t. Calculate the highest common divisor of 198 and l.
22
Let u(a) be the first derivative of -23*a**2/2 + 282*a + 92. Let v be u(12). Let w be (-8)/6*-3 + 0. Calculate the greatest common divisor of w and v.
2
Let c(k) = -k + 10. Let d be c(10). Let s(u) = -u**2 - 2*u + 8. Let z be s(d). Let n = 175 - 111. Calculate the greatest common factor of n and z.
8
Let r = 2714 + -2672. Calculate the highest common divisor of 672 and r.
42
Let t(a) = -199*a + 21. Let g be t(-5). Suppose o - 17 = -5*q + 26, -5*q = -o - 27. Calculate the greatest common factor of g and o.
8
Let t be 18/594*-6 + (-1234)/(-11). Calculate the highest common divisor of t and 15624.
56
Suppose 0 - 2 = -2*z. Let p(d) = 5*d**2 + 7*d**3 - 24 - 8*d**3 + 19 - 18*d**2 - d. Let k be p(-13). Calculate the highest common divisor of k and z.
1
Suppose -d - 15 = -815*r + 813*r, 3*d + 9 = 0. Calculate the highest common factor of 213 and r.
3
Let s(c) = -44*c + 8. Let p be s(4). Let v = -136 - p. What is the highest common factor of 256 and v?
32
Suppose -238*q + 18*q = -59840. Calculate the highest common factor of 1616 and q.
16
Let z(v) = v**2 - 16*v + 3. Let g be z(6). Let m = -52 - g. Suppose -3*a + 6 + 8 = m*h, -14 = -2*h - 4*a. What is the highest common factor of h and 2?
1
Let r(n) = n**3 - 67*n**2 - 1043*n - 23. Let j be r(-13). Calculate the highest common divisor of j and 26896.
16
Let x = 391 + -141. Suppose -2*z + x = 3*z. Suppose -4*t - 10 = -3*c + 34, -2*t - z = -5*c. What is the highest common factor of 8 and c?
8
Suppose -3*t - 4*l + 25 = 0, 5*t + 0*l = 5*l - 5. Let i be t/2 + 435/10. What is the greatest common divisor of 5 and i?
5
Let q = 2569 - 2559. What is the highest common divisor of q and 25?
5
Let k be 2/(-12) - (-100)/24. Suppose -k*f + 28 + 12 = 0. Suppose 2*q - 42 = -2*u, -3*q - 4*u - 172 = -236. What is the greatest common factor of f and q?
10
Let u be 20/(-100) + 61/5. Let x(v) = v**2 + 3*v + 8. Let c be x(-11). What is the greatest common divisor of u and c?
12
Let c(k) = 4214*k + 54803. Let q be c(-13). Let x = -672 - -1197. Calculate the highest common divisor of q and x.
21
Suppose -d + 434 = 4*k, 5*d - 317 = -2*k - k. Suppose 161 + k = 2*b. Let s be ((-3)/7)/(2/(-70)). Calculate the highest common factor of b and s.
15
Suppose 2*m = -5*x + 30, x + 4*m - 23 = 1. Suppose -2*b - 2*p - x = 0, -p + 6*p = -25. Calculate the greatest common factor of 183 and b.
3
Let w be ((-414)/45 - -9) + 2571/5. Let g = w + -21. Calculate the greatest common factor of 17 and g.
17
Let f = 36 - 34. Suppose 2*z + 11 + 13 = -5*g, z = -f*g - 11. Let a be (-1*(-41 + z))/((-2)/(-7)). What is the greatest common divisor of 42 and a?
42
Let y(g) = 2*g**3 - 11*g**2 - 3*g - 15. Let o be y(6). Suppose -5*q = -o*k - 470, 5*k - 9 = 2*q - 216. What is the highest common factor of 52 and q?
13
Let c = 6301 - 6251. What is the greatest common divisor of c and 20?
10
Suppose -5*m = r - 205, 4*m - 10*r + 5*r = 193. Suppose -15*x + 10*x + 4*i + 130 = 0, 4*i + m = x. Calculate the greatest common divisor of x and 297.
11
Suppose 0 = -41*b + 40*b + 14. Let y(c) = -b + 34 - 21 - c. Let j be y(-10). Calculate the greatest common divisor of 6 and j.
3
Let l = 209 + -351. Let s be l/(-2) + (-5)/(-10)*-2. Suppose -50 = 3*j - 8*j. What is the highest common divisor of j and s?
10
Let w be -3 + (-41)/((-2)/(-5*(-12)/30)). What is the greatest common factor of 380 and w?
38
Let k = 2 + -3. Let d = -1293 - -1275. Let w be (((-15)/9)/(-5))/(k/d). What is the highest common divisor of w and 138?
6
Let o = -69 + 139. Suppose -2*h = -o - 52. Suppose 2*f = 4*b - 64, 3*b + 0*f = -5*f + h. What is the highest common factor of b and 34?
17
Let v(u) = 3*u**2 - u + 1. Let l be v(0). Suppose 4*y = 5*z + 23, z - 3 + 2 = 0. Calculate the greatest common divisor of y and l.
1
Let a = -3647 + 5533. Calculate the greatest common divisor of 164 and a.
82
Suppose -3*l = -i + 31, 6*l = -5*i + 10*l + 188. Let t = -588 + 676. What is the highest common divisor of t and i?
8
Let r(j) = 75*j + 1572. Let u be r(-21). Let x be (-8)/(-2) - 2 - 11. Let p be (-725)/(-15) - u/x. What is the highest common factor of p and 6?
6
Let q(j) = 7*j**2 - 12*j + 11. Let l be q(5). Suppose 4*c - 2*i - 27 = 23, i = -5*c + 73. What is the greatest common factor of l and c?
14
Let w be 85/((-75)/15) + 94. What is the greatest common factor of w and 2761?
11
Suppose 0 = 5*x + 993 - 153. Let f = x - -295. Let n = -108 + f. Calculate the greatest common factor of 19 and n.
19
Let r = -790 + 344. Let a = 470 + r. Calculate the greatest common divisor of a and 216.
24
Let u = 107 - 103. Suppose -3 = u*j - 3*v - 0, -2*j = -5*v + 5. Let h be j/(-3) - (-4 - -3). What is the highest common divisor of h and 19?
1
Let y(d) = -26*d - 4. Let c be y(-14). Suppose 65*o + c = 71*o. Calculate the greatest common factor of 150 and o.
30
Let d be 223 + -17 + (5 - 0) + -2. Calculate the highest common factor of d and 38.
19
Let v be (18 - 9 - 15) + -1 + 145. What is the greatest common factor of 2829 and v?
69
Let g = -5 + 6. Let x(n) = 40*n**2 + 48*n**2 - 2 - 17*n**2 - n - n**2 - n. Let a be x(g). Calculate the highest common divisor of 99 and a.
33
Suppose -33*c + 9*c = 48. Let b be (-19)/19*(2 + c + -33). Calculate the greatest common factor of 6 and b.
3
Let y = -4514 - -7931. Calculate the greatest common divisor of 51 and y.
51
Let f = -12 + 59. Let r = -6225 - -8792. Suppose -8*a + r = -441. Calculate the greatest common divisor of a and f.
47
Let i be (-586)/(-4) + (-27)/18. Let z(d) = d**2 + 6*d + 17. Let a be z(-22). Let s = a + -311. Calculate the highest common divisor of s and i.
29
Let l = 70 + -70. Suppose l*t + 56 = 4*t + 4*n, n = 2*t - 16. Let w = 4 + t. Calculate the highest common factor of 112 and w.
14
Let g(a) = a**2 - 43*a + 467. Let h be g(27). What is the highest common factor of h and 14175?
35
Let h(w) = -12*w**3 + 11*w**2 + 32*w + 314. Let m be h(-13). Calculate the highest common factor of 61 and m.
61
Let h be ((-20)/6)/5*235107/(-346). Calculate the highest common divisor of 604 and h.
151
Let l(s) = -s + 1. Let d(z) = 6. Let x(h) = -d(h) + 5*l(h). Let a be x(-1). Let p be 2 - 3 - (31 - 96). What is the greatest common factor of a and p?
4
Let r(u) = -u**2 + 3*u - 1. Let s(i) = -23*i + 19. Let d(o) = -5*r(o) - s(o). Let k be d(2). What is the highest common factor of 154 and k?
22
Let c be 51 - (-4 + 0 - 1). Let x be 1 - (-36)/(-28) - (-2480)/c. What is the highest common divisor of x and 22?
22
Let g be (-3)/(0 - (-1)/(-1)). Let o be 8/40*15*(-68)/(-10)*5. What is the greatest common factor of g and o?
3
Suppose -5*r = 5*a - 21 + 1, -4*a = -2*r + 2. Let y be (4 - 4) + 65 - a. What is the greatest common divisor of 96 and y?
32
Let t(c) = 100*c - 1. Let w be t(1). Let y = 37 - -28. Suppose 5*v - 5*i - y = 0, -4*v = -2*v - i - 24. What is the highest common factor of v and w?
11
Let m be (-2253)/(-41) + 2302/47191. What is the greatest common divisor of m and 16885?
55
Let u = -16950 + 16978. What is the greatest common factor of 73808 and u?
28
Let y be -132 + 10/5 + -2. Let q = -86 - y. What is the greatest common divisor of 46 and q?
46
Suppose 2278 = -13*l + 588. Let h = l + 260. Let f = 67 - 41. Calculate the greatest common factor of f and h.
26
Let h(s) = s**3 + 6*s**2 - 211*s - 36. Let v be h(12). What is the highest common factor of 129 and v?
3
Let w = 2611 - 2331. Calculate the highest common divisor of 1190 and w.
70
Let s = -23